. What is the tens digit of k(o)?
8
Suppose 0 = -0*q - 3*q + 60. Let s = q - -21. What is the tens digit of s?
4
Let j = -252 + 553. Suppose 3*i - 2*o - 459 = -0*o, -2*i = -3*o - j. What is the tens digit of i?
5
Let t = -1023 - -1641. Suppose -5*w + y + t = 3*y, -8 = -2*y. Suppose -5*l - 3*d = -w, -2*d + 3*d = 5*l - 106. What is the units digit of l?
2
Suppose 0 = 3*x - 4*z - 9781, -266 = x + 3*z - 3509. What is the tens digit of x?
5
Let b(f) = 42*f + 43. What is the units digit of b(12)?
7
Suppose 0 = 3*w - 12, -3*w + 8 = -3*j + 38. What is the hundreds digit of (7/j)/((-2)/(-904))?
2
Suppose -275 = -9*v - 1427. Let s = v - -280. What is the tens digit of s?
5
Suppose 0 = m + 5, z + m + 1 = 5*z. Let f(j) = j**2 - j. Let l be f(z). What is the units digit of (87/(-12))/(l/(-8))?
9
Let v(y) = -y**2 + 5*y + 14. Let k be v(7). Suppose -4*n - 4*u + 28 = -172, k = 2*n - 4*u - 118. What is the tens digit of n?
5
Suppose -156 = -4*f + 4*b, 0 = -f + 4*f + 3*b - 135. Suppose 3*h + f = 4*h. What is the tens digit of h?
4
Suppose -g + 36 = -7*g. Let j = 12 - 5. Let k = g + j. What is the units digit of k?
1
Let i(m) = -m**3 + 7*m**2 + 27*m + 43. What is the units digit of i(-13)?
2
Let h be -1*0*(-4 - -3). Suppose -3*b + 36 = b + 5*l, 4*l = h. Let p = b - -5. What is the units digit of p?
4
Suppose 3*g = -3*o + 63, -3*o - 6 = -0. Suppose -6*a = 5*a + 5*a. Suppose x - g = -a*x + 2*w, -x = -w - 28. What is the units digit of x?
3
What is the tens digit of 66308/68 + 3 - 2/17?
7
What is the units digit of 7 - -3025 - (4 - (-2 - 1))?
5
Suppose -2*z + 18 = 2*h - 0*z, 3*z + 8 = 4*h. Suppose h*p + 21 - 521 = 0. What is the units digit of p?
0
Let a = -462 + 2690. What is the hundreds digit of a?
2
Suppose -3*h + 1041 = 3*k, 15*k = 11*k + 3*h + 1388. What is the units digit of k?
7
Suppose -76 = z - 207. Suppose 47 = -3*r + z. What is the tens digit of r?
2
Let g(x) be the second derivative of -3*x**2 + 0 - 1/3*x**3 - 4*x. What is the tens digit of g(-11)?
1
Suppose -4*p = 4*x + 20, -3*p = -3*x + 26 + 7. What is the tens digit of (-6)/p + (-964)/(-16)?
6
Let m be (0 + -11)/(-11 - -10). Suppose -2*n = 2*t - 4, 3*t - m = -2. Let j = n + 11. What is the tens digit of j?
1
Let u(l) = 2*l**2 + 27*l - 6. Let q be u(-14). What is the units digit of (0 + 5)*(8736/30)/q?
2
Let q be 9/((-135)/50)*-3. Suppose 0 = -2*b + q, -2*i - 2*b + 245 = -7*b. What is the hundreds digit of i?
1
What is the units digit of (-5)/(300/(-111352)) + (-12)/(-90)?
6
Suppose -4*r + 3 = -3*r, -3 = 2*w - r. What is the tens digit of 56 + 9/3 + (-3 - w)?
5
Let b = 1014 + -324. What is the units digit of b?
0
Let m = 3 - -12. Suppose -3*f + m = -0*f. Suppose f*j + 17 = -k + 158, 0 = 3*j + 3*k - 87. What is the tens digit of j?
2
What is the thousands digit of ((-6)/5)/3 - (-15771)/15?
1
Let v(d) = -2*d + 13*d**2 + 4*d - 6*d - 7*d**2 - 23. What is the units digit of v(7)?
3
Let j(z) = z**2 - 4*z - 36. What is the units digit of j(-18)?
0
Let y(u) = -9*u - 7. Let m be y(-1). Let l(s) = 15*s + 3. Let k be l(5). Suppose -o + 3*o - k = -3*t, -m*o = 0. What is the tens digit of t?
2
Let c = 134 + -35. Let q be c/(-6)*(-1 - 1). Suppose 38*s - 50 = q*s. What is the tens digit of s?
1
Let g = 31 + -26. Suppose 3*a + 4*i - 256 = 0, g*a - i = 441 - 22. What is the tens digit of a?
8
Suppose 5814 = -46*w + 52*w. What is the hundreds digit of w?
9
Let i be 449 - (2 - 0)*(-12)/8. Suppose 20*u - 22*u = -i. What is the tens digit of u?
2
Let c(f) = -f - 4. Let h(s) = -2*s - 9. Let k(m) = -m**2 - m + 2. Let d be k(3). Let b(j) = d*c(j) + 4*h(j). What is the units digit of b(2)?
8
Let v(j) = -25*j**3 + 2*j**2 - j - 4. Let n be v(-3). Let o be n/3 - 6/9. What is the tens digit of o/6 + (-8)/(-12)?
3
What is the tens digit of 78/(-4)*14016/(-144)?
9
Suppose 374 = -b + 1449. What is the units digit of b?
5
Let f = 95 - -93. Suppose 5*q + a - 483 = 0, -q - f = -3*q - 3*a. What is the units digit of q?
7
What is the hundreds digit of (-13 - (-858 + -6))/(1 - 0)?
8
Suppose 4*b + 26 = -214. Let w be (0 - b)/4 - 3. Suppose -w = -m + 1. What is the tens digit of m?
1
Let a = 1847 + -1016. What is the tens digit of a?
3
Suppose 2*l + 4 = 0, 5*f - 209*l = -213*l + 10952. What is the hundreds digit of f?
1
Suppose -5*y = -4*o - 11314 + 3723, 0 = 4*y - 3*o - 6073. What is the units digit of y?
9
Let k(l) = l**3 - l**2 - l + 3. Let j be k(0). Suppose -2*v - i = -3, 2*v + 5*i = -14 - j. Suppose -2*y = -v*y + 26. What is the tens digit of y?
1
Let q(m) = -13*m - 1. Let j be q(-7). Suppose -8*y = -6*y - j. Suppose -3*z + 6 + y = -3*f, 2*f = z - 16. What is the tens digit of z?
1
What is the units digit of 213*(-9)/(-81)*57?
9
Let c(g) be the third derivative of g**6/120 + 13*g**5/60 - g**4/8 - 23*g**3/6 - 6*g**2. What is the hundreds digit of c(-12)?
1
Let x(y) = -8*y**2 - y - 3. Let i be x(2). Let n = i + 69. What is the units digit of n?
2
Let a = 3 + -1. Let r(o) = -6*o + 3. Let g be r(a). Let l = g - -15. What is the units digit of l?
6
What is the tens digit of 2170/20*1*4?
3
Let i(f) = 64 - 81 - 9*f + 2*f**3 - f**3 + 17*f**2. What is the units digit of i(-17)?
6
Let y(t) = -2*t**2 + 4*t. Let k be y(6). Let l = k - -110. What is the units digit of l?
2
Let q(v) = v**3 - 15*v**2 + 11*v + 14. Suppose 2*c - 2*t - 30 = 0, -c + 14 + 1 = -3*t. What is the hundreds digit of q(c)?
1
Let g be (-2)/((-16)/(-12))*10. Let b = 1 - g. What is the units digit of b?
6
Suppose -3*p = -39 + 15. Let w be -51 + 0 - (p - 6). Let r = w + 95. What is the units digit of r?
2
Let n be (-9 - 5)/(2/(-2)). Let q = 12 - 18. Let r = q + n. What is the units digit of r?
8
Let y = -10 - -15. Suppose -5*a = -5*b + 180, y*a - 4*a = 4*b - 129. What is the units digit of b?
1
Let q(k) = 18*k**2 + 2*k + 3. Let n be q(-2). Suppose g = t - n, 0 = -0*g + 2*g - 8. What is the units digit of t?
5
Let b(q) = -8*q**3 - 4*q**2 - 8*q + 12. What is the units digit of b(-4)?
2
Let a(k) = -1858*k - 107. What is the tens digit of a(-2)?
0
Let x(a) = a**2 - 15*a - 32. Let u(c) = c**3 + c**2 + 3*c + 2. Let d be u(-2). What is the tens digit of x(d)?
5
Let q be 6*(1 - 20/12). What is the units digit of (-15)/(-60) + (-131)/q?
3
Let d(r) = -3*r**3 + 2*r**2 - 4*r - 3. Let u be d(-3). Let j = -48 + u. What is the tens digit of j?
6
Suppose -3*i + m + 9 = 2*m, 0 = i + 4*m - 3. Suppose l + i*a = 5*a + 2, -5*l = -4*a + 14. What is the units digit of (-2)/4*(l - 0)?
3
Let u = 56 - 47. Suppose -u*d + 2*d = -56. What is the units digit of d?
8
Suppose 4 - 20 = 4*f. Let l be f/(-10)*(-575)/(-5). Let t = -20 + l. What is the tens digit of t?
2
Suppose m - 4*w - 460 = 0, -m + 465 = w - 0*w. What is the units digit of m?
4
Suppose 0 = -c - 11 + 47. Let o be (34/(-3))/(6/c). What is the units digit of (-1)/(-3) - o/3?
3
Let v be (-1)/(-3) + (-3504)/(-18). Suppose k + 4*k + 15 = 0, -4*k = 3*n + v. Let b = -37 - n. What is the tens digit of b?
2
Suppose -z + 2*i = -14, -z = 4*z + 3*i - 18. Let m be (63/z)/((-9)/(-12)). What is the units digit of 10/(-35) + 102/m?
7
Let u = 14059 - 9595. What is the hundreds digit of u?
4
Suppose 0 = -6*m + 3*m - l + 23, -l = -4*m + 40. Let o = -12 + m. What is the tens digit of ((-102)/9)/(2/o)?
1
Let u(p) = 6*p + 27. Let y be u(-4). Suppose 0 = -i - 0*i - 3*j - 19, 4*i = -2*j - 86. What is the units digit of (i/(-3) - y)*3?
3
Let v(k) = 2*k - 14. Let u be v(11). Let w(g) = -g**3 + 9*g**2 - 7*g - 6. Let a be w(u). Suppose -d = a*d - 39. What is the tens digit of d?
1
Let i(d) = -390*d - 660. What is the thousands digit of i(-14)?
4
Let n(l) = -35*l + 34. What is the hundreds digit of n(-5)?
2
Let r = 62 - 71. Let h(s) = 2*s**2 + 8*s + 1. What is the units digit of h(r)?
1
Suppose -2 = 4*l - 18. Suppose 4*i + 13 - 1 = 5*q, 0 = -2*q + l*i. What is the tens digit of q/(-12)*2*-21?
1
Let t(q) = 48*q**2 + 3*q - 7. What is the hundreds digit of t(-4)?
7
Let g be ((-1020)/25)/((-1)/5). Suppose -5*c = -2*c - g. What is the units digit of c?
8
Let x be (-388)/8 - 3/(-2). Let i = x - -122. What is the tens digit of i?
7
Suppose 0*u - u = 2*p + 11, -4*u = 3*p + 29. Let b(m) = m**3 + 2*m**2 - 3*m + 4. Let k be b(p). Let z(d) = d**3 - 2*d**2. What is the units digit of z(k)?
2
Let p = 3415 - 1716. What is the tens digit of p?
9
Let r(a) = a - 1. Let q be r(4). Suppose